[INFO] fetching crate with_tempdir 0.1.0...
[INFO] checking with_tempdir-0.1.0 against master#af3c6e733a40e671550e0f0f5aeecaa13772ba56 for pr-74989
[INFO] extracting crate with_tempdir 0.1.0 into /workspace/builds/worker-2/source
[INFO] validating manifest of crates.io crate with_tempdir 0.1.0 on toolchain af3c6e733a40e671550e0f0f5aeecaa13772ba56
[INFO] running `Command { std: "/workspace/cargo-home/bin/cargo" "+af3c6e733a40e671550e0f0f5aeecaa13772ba56" "read-manifest" "--manifest-path" "Cargo.toml", kill_on_drop: false }`
[INFO] started tweaking crates.io crate with_tempdir 0.1.0
[INFO] removed 0 missing tests
[INFO] finished tweaking crates.io crate with_tempdir 0.1.0
[INFO] tweaked toml for crates.io crate with_tempdir 0.1.0 written to /workspace/builds/worker-2/source/Cargo.toml
[INFO] running `Command { std: "/workspace/cargo-home/bin/cargo" "+af3c6e733a40e671550e0f0f5aeecaa13772ba56" "generate-lockfile" "--manifest-path" "Cargo.toml" "-Zno-index-update", kill_on_drop: false }`
[INFO] running `Command { std: "/workspace/cargo-home/bin/cargo" "+af3c6e733a40e671550e0f0f5aeecaa13772ba56" "fetch" "--locked" "--manifest-path" "Cargo.toml", kill_on_drop: false }`
[INFO] running `Command { std: "docker" "create" "-v" "/var/lib/crater-agent-workspace/builds/worker-2/target:/opt/rustwide/target:rw,Z" "-v" "/var/lib/crater-agent-workspace/builds/worker-2/source:/opt/rustwide/workdir:ro,Z" "-v" "/var/lib/crater-agent-workspace/cargo-home:/opt/rustwide/cargo-home:ro,Z" "-v" "/var/lib/crater-agent-workspace/rustup-home:/opt/rustwide/rustup-home:ro,Z" "-e" "SOURCE_DIR=/opt/rustwide/workdir" "-e" "CARGO_TARGET_DIR=/opt/rustwide/target" "-e" "CARGO_HOME=/opt/rustwide/cargo-home" "-e" "RUSTUP_HOME=/opt/rustwide/rustup-home" "-w" "/opt/rustwide/workdir" "-m" "1610612736" "--user" "0:0" "--network" "none" "rustops/crates-build-env@sha256:d92eaeed33fa75130ca1ee6c8a01d1ffb62bac859dfdfb3450e3e5d1c0146529" "/opt/rustwide/cargo-home/bin/cargo" "+af3c6e733a40e671550e0f0f5aeecaa13772ba56" "metadata" "--no-deps" "--format-version=1", kill_on_drop: false }`
[INFO] [stdout] 19b8844082a78a5fe3ad266f9e1cc6b0c70d8533e5b885f7b14959c23a9d823e
[INFO] [stderr] WARNING: Your kernel does not support swap limit capabilities or the cgroup is not mounted. Memory limited without swap.
[INFO] running `Command { std: "docker" "start" "-a" "19b8844082a78a5fe3ad266f9e1cc6b0c70d8533e5b885f7b14959c23a9d823e", kill_on_drop: false }`
[INFO] running `Command { std: "docker" "inspect" "19b8844082a78a5fe3ad266f9e1cc6b0c70d8533e5b885f7b14959c23a9d823e", kill_on_drop: false }`
[INFO] running `Command { std: "docker" "rm" "-f" "19b8844082a78a5fe3ad266f9e1cc6b0c70d8533e5b885f7b14959c23a9d823e", kill_on_drop: false }`
[INFO] [stdout] 19b8844082a78a5fe3ad266f9e1cc6b0c70d8533e5b885f7b14959c23a9d823e
[INFO] running `Command { std: "docker" "create" "-v" "/var/lib/crater-agent-workspace/builds/worker-2/target:/opt/rustwide/target:rw,Z" "-v" "/var/lib/crater-agent-workspace/builds/worker-2/source:/opt/rustwide/workdir:ro,Z" "-v" "/var/lib/crater-agent-workspace/cargo-home:/opt/rustwide/cargo-home:ro,Z" "-v" "/var/lib/crater-agent-workspace/rustup-home:/opt/rustwide/rustup-home:ro,Z" "-e" "SOURCE_DIR=/opt/rustwide/workdir" "-e" "CARGO_TARGET_DIR=/opt/rustwide/target" "-e" "CARGO_INCREMENTAL=0" "-e" "RUST_BACKTRACE=full" "-e" "RUSTFLAGS=--cap-lints=forbid" "-e" "CARGO_HOME=/opt/rustwide/cargo-home" "-e" "RUSTUP_HOME=/opt/rustwide/rustup-home" "-w" "/opt/rustwide/workdir" "-m" "1610612736" "--user" "0:0" "--network" "none" "rustops/crates-build-env@sha256:d92eaeed33fa75130ca1ee6c8a01d1ffb62bac859dfdfb3450e3e5d1c0146529" "/opt/rustwide/cargo-home/bin/cargo" "+af3c6e733a40e671550e0f0f5aeecaa13772ba56" "check" "--frozen" "--all" "--all-targets" "--message-format=json", kill_on_drop: false }`
[INFO] [stdout] c9c7a82de519d69ef38a4df98e91a1f90710eaad91b8db182d5bb71a8c3d3050
[INFO] [stderr] WARNING: Your kernel does not support swap limit capabilities or the cgroup is not mounted. Memory limited without swap.
[INFO] running `Command { std: "docker" "start" "-a" "c9c7a82de519d69ef38a4df98e91a1f90710eaad91b8db182d5bb71a8c3d3050", kill_on_drop: false }`
[INFO] [stderr]    Compiling getrandom v0.1.15
[INFO] [stderr]    Compiling unicode-xid v0.2.1
[INFO] [stderr]    Compiling syn v1.0.40
[INFO] [stderr]     Checking cfg-if v0.1.10
[INFO] [stderr]     Checking ppv-lite86 v0.2.9
[INFO] [stderr]    Compiling memchr v2.3.3
[INFO] [stderr]     Checking unicode-xid v0.1.0
[INFO] [stderr]    Compiling ryu v1.0.5
[INFO] [stderr]     Checking lazy_static v1.4.0
[INFO] [stderr]     Checking remove_dir_all v0.5.3
[INFO] [stderr]     Checking itoa v0.4.6
[INFO] [stderr]     Checking ansi_term v0.11.0
[INFO] [stderr]     Checking difference v2.0.0
[INFO] [stderr]     Checking regex-syntax v0.6.18
[INFO] [stderr]     Checking glob v0.3.0
[INFO] [stderr]    Compiling libc v0.2.77
[INFO] [stderr]    Compiling syn v0.15.44
[INFO] [stderr]     Checking thread_local v1.0.1
[INFO] [stderr]    Compiling proc-macro2 v1.0.21
[INFO] [stderr]     Checking proc-macro2 v0.4.30
[INFO] [stderr]     Checking pretty_assertions v0.6.1
[INFO] [stderr]     Checking rand_core v0.5.1
[INFO] [stderr]     Checking quote v0.6.13
[INFO] [stderr]     Checking aho-corasick v0.7.13
[INFO] [stderr]    Compiling quote v1.0.7
[INFO] [stderr]     Checking rand_chacha v0.2.2
[INFO] [stderr]     Checking rand v0.7.3
[INFO] [stderr]     Checking tempfile v3.1.0
[INFO] [stderr]     Checking with_tempdir v0.1.0 (/opt/rustwide/workdir)
[INFO] [stdout] error[E0432]: unresolved import `syn::ItemFn`
[INFO] [stdout]   --> src/lib.rs:22:45
[INFO] [stdout]    |
[INFO] [stdout] 22 | use syn::{parse_macro_input, AttributeArgs, ItemFn, Lit, Meta, NestedMeta};
[INFO] [stdout]    |                                             ^^^^^^ no `ItemFn` in the root
[INFO] [stdout] 
[INFO] [stdout] 
[INFO] [stdout] error[E0433]: failed to resolve: could not find `FnArg` in `syn`
[INFO] [stdout]    --> src/lib.rs:113:22
[INFO] [stdout]     |
[INFO] [stdout] 113 |                 syn::FnArg::Captured(syn::ArgCaptured { ty, .. }) => check_type(ty),
[INFO] [stdout]     |                      ^^^^^ could not find `FnArg` in `syn`
[INFO] [stdout] 
[INFO] [stdout] 
[INFO] [stdout] error[E0422]: cannot find struct, variant or union type `ArgCaptured` in crate `syn`
[INFO] [stdout]    --> src/lib.rs:113:43
[INFO] [stdout]     |
[INFO] [stdout] 113 |                 syn::FnArg::Captured(syn::ArgCaptured { ty, .. }) => check_type(ty),
[INFO] [stdout]     |                                           ^^^^^^^^^^^ not found in `syn`
[INFO] [stdout] 
[INFO] [stdout] 
[INFO] [stderr] error: could not compile `with_tempdir`.
[INFO] [stdout] error: aborting due to 3 previous errors
[INFO] [stdout] 
[INFO] [stdout] 
[INFO] [stderr] 
[INFO] [stdout] Some errors have detailed explanations: E0422, E0432, E0433.
[INFO] [stdout] 
[INFO] [stderr] To learn more, run the command again with --verbose.
[INFO] [stdout] For more information about an error, try `rustc --explain E0422`.
[INFO] [stdout] 
[INFO] [stderr] warning: build failed, waiting for other jobs to finish...
[INFO] [stderr] error: build failed
[INFO] running `Command { std: "docker" "inspect" "c9c7a82de519d69ef38a4df98e91a1f90710eaad91b8db182d5bb71a8c3d3050", kill_on_drop: false }`
[INFO] running `Command { std: "docker" "rm" "-f" "c9c7a82de519d69ef38a4df98e91a1f90710eaad91b8db182d5bb71a8c3d3050", kill_on_drop: false }`
[INFO] [stdout] c9c7a82de519d69ef38a4df98e91a1f90710eaad91b8db182d5bb71a8c3d3050
